{"id":19,"date":"2018-04-26T19:59:27","date_gmt":"2018-04-26T17:59:27","guid":{"rendered":"http:\/\/chantalgrimm.com\/?page_id=19"},"modified":"2026-02-27T15:13:07","modified_gmt":"2026-02-27T14:13:07","slug":"contact","status":"publish","type":"page","link":"https:\/\/chantalgrimm.com\/?page_id=19","title":{"rendered":"Contact"},"content":{"rendered":"<div id=\"pl-19\"  class=\"panel-layout\" ><div id=\"pg-19-0\"  class=\"panel-grid panel-no-style\" ><div id=\"pgc-19-0-0\"  class=\"panel-grid-cell\" ><div id=\"panel-19-0-0-0\" class=\"so-panel widget widget_sow-image panel-first-child panel-last-child\" data-index=\"0\" ><div\n\t\t\t\n\t\t\tclass=\"so-widget-sow-image so-widget-sow-image-default-8b5b6f678277-19\"\n\t\t\t\n\t\t>\n<div class=\"sow-image-container\">\n\t\t<img loading=\"lazy\" \n\tsrc=\"https:\/\/chantalgrimm.com\/wp-content\/uploads\/2026\/02\/CONTACT.jpg\" width=\"1200\" height=\"380\" sizes=\"(max-width: 1200px) 100vw, 1200px\" alt=\"\" \t\tclass=\"so-widget-image\"\/>\n\t<\/div>\n\n<\/div><\/div><\/div><\/div><div id=\"pg-19-1\"  class=\"panel-grid panel-no-style\" ><div id=\"pgc-19-1-0\"  class=\"panel-grid-cell\" ><div id=\"panel-19-1-0-0\" class=\"so-panel widget widget_sow-editor panel-first-child panel-last-child\" data-index=\"1\" ><div\n\t\t\t\n\t\t\tclass=\"so-widget-sow-editor so-widget-sow-editor-base\"\n\t\t\t\n\t\t>\n<div class=\"siteorigin-widget-tinymce textwidget\">\n\t<h3 style=\"text-align: center;\"><span style=\"color: #cc9125;\">COMMANDER LES ALBUMS CD \/ LIVRE CD<\/span><\/h3>\n<p style=\"text-align: center;\"><strong>Paiement uniquement par ch\u00e8que (envoi en courrier suivi d\u00e8s r\u00e9ception du ch\u00e8que) \u00e0 l'ordre de :<\/strong><\/p>\n<p style=\"text-align: center;\"><strong>PIVOINE,<\/strong> <strong>55 rue Raymond Losserand, 75014 PARIS<\/strong><\/p>\n<\/div>\n<\/div><\/div><\/div><\/div><div id=\"pg-19-2\"  class=\"panel-grid panel-no-style\" ><div id=\"pgc-19-2-0\"  class=\"panel-grid-cell\" ><div id=\"panel-19-2-0-0\" class=\"so-panel widget widget_sow-editor panel-first-child\" data-index=\"2\" ><div\n\t\t\t\n\t\t\tclass=\"so-widget-sow-editor so-widget-sow-editor-base\"\n\t\t\t\n\t\t>\n<div class=\"siteorigin-widget-tinymce textwidget\">\n\t<p><strong><span style=\"color: #c67f22;\"><em><img decoding=\"async\" class=\"alignleft wp-image-2884\" src=\"http:\/\/chantalgrimm.com\/wp-content\/uploads\/2020\/03\/unnamed.jpg\" alt=\"\" width=\"120\" height=\"126\" \/><\/em><\/span><\/strong><\/p>\n<p>&nbsp;<\/p>\n<p><strong><span style=\"color: #c67f22;\"><em>Mes Lunes<\/em><\/span>, Chantal Grimm<\/strong> (CD)<strong>\u00a0<\/strong><\/p>\n<p><strong>PRIX :<\/strong> <span style=\"color: #c67f22;\"><strong>10\u20ac<\/strong><\/span>\u00a0<strong> emballage + frais de port <span style=\"color: #c67f22;\">5\u20ac<\/span><\/strong><\/p>\n<\/div>\n<\/div><\/div><div id=\"panel-19-2-0-1\" class=\"so-panel widget widget_sow-editor panel-last-child\" data-index=\"3\" ><div\n\t\t\t\n\t\t\tclass=\"so-widget-sow-editor so-widget-sow-editor-base\"\n\t\t\t\n\t\t>\n<div class=\"siteorigin-widget-tinymce textwidget\">\n\t<p><strong><span style=\"color: #c67f22;\"><em><img decoding=\"async\" class=\"size-full wp-image-1376 alignleft\" src=\"http:\/\/chantalgrimm.com\/wp-content\/uploads\/2018\/05\/Rappels.jpg\" alt=\"\" width=\"120\" height=\"120\" \/><\/em><\/span><\/strong><\/p>\n<p>&nbsp;<\/p>\n<p><strong><span style=\"color: #c67f22;\"><em>Rappels<\/em><\/span>, Chantal Grimm<\/strong>\u00a0(compil CD)<strong>\u00a0<\/strong><\/p>\n<p><strong>PRIX :<\/strong> <span style=\"color: #c67f22;\"><strong>10\u20ac<\/strong><\/span>\u00a0<strong> emballage + frais de port <span style=\"color: #c67f22;\">5\u20ac<\/span><\/strong><\/p>\n<\/div>\n<\/div><\/div><\/div><div id=\"pgc-19-2-1\"  class=\"panel-grid-cell\" ><div id=\"panel-19-2-1-0\" class=\"so-panel widget widget_sow-editor panel-first-child\" data-index=\"4\" ><div\n\t\t\t\n\t\t\tclass=\"so-widget-sow-editor so-widget-sow-editor-base\"\n\t\t\t\n\t\t>\n<div class=\"siteorigin-widget-tinymce textwidget\">\n\t<p><strong><span style=\"color: #c67f22;\"><em><img decoding=\"async\" class=\"size-full wp-image-1377 alignleft\" src=\"http:\/\/chantalgrimm.com\/wp-content\/uploads\/2018\/05\/NouslesReveurs-1.jpg\" alt=\"\" width=\"120\" height=\"120\" \/><\/em><\/span><\/strong><\/p>\n<p>&nbsp;<\/p>\n<p><strong><span style=\"color: #c67f22;\"><em>Nous les r\u00eaveurs<\/em><\/span>, Chantal Grimm<\/strong>\u00a0(CD)<strong>\u00a0<\/strong><\/p>\n<p><strong>PRIX :<\/strong> <span style=\"color: #c67f22;\"><strong>10\u20ac<\/strong><\/span>\u00a0<strong> emballage + frais de port <span style=\"color: #c67f22;\">5\u20ac<\/span><\/strong><\/p>\n<\/div>\n<\/div><\/div><div id=\"panel-19-2-1-1\" class=\"so-panel widget widget_sow-editor\" data-index=\"5\" ><div\n\t\t\t\n\t\t\tclass=\"so-widget-sow-editor so-widget-sow-editor-base\"\n\t\t\t\n\t\t>\n<div class=\"siteorigin-widget-tinymce textwidget\">\n\t<p><strong><span style=\"color: #c67f22;\"><em><img loading=\"lazy\" loading=\"lazy\" decoding=\"async\" class=\"wp-image-1970 size-full alignleft\" src=\"http:\/\/chantalgrimm.com\/wp-content\/uploads\/2018\/06\/FugueAnimaux_Cover.jpg\" alt=\"\" width=\"130\" height=\"117\" \/><\/em><\/span><\/strong><\/p>\n<p><strong><span style=\"color: #c67f22;\"><em>La petite fugue des animaux <\/em><\/span>, Chantal Grimm<\/strong>\u00a0(Livre CD)<strong>\u00a0<\/strong><\/p>\n<p><strong>PRIX :<\/strong> <span style=\"color: #c67f22;\"><strong>23\u20ac<\/strong><\/span>\u00a0<strong>\u00a0emballage + frais de port <span style=\"color: #c67f22;\">7\u20ac<\/span><\/strong><\/p>\n<\/div>\n<\/div><\/div><div id=\"panel-19-2-1-2\" class=\"so-panel widget widget_sow-editor panel-last-child\" data-index=\"6\" ><div\n\t\t\t\n\t\t\tclass=\"so-widget-sow-editor so-widget-sow-editor-base\"\n\t\t\t\n\t\t>\n<div class=\"siteorigin-widget-tinymce textwidget\">\n\t<p><strong>&gt; <a href=\"http:\/\/chantalgrimm.com\/wp-content\/uploads\/2018\/05\/BDC_CGrimm_2020.pdf\">T\u00c9L\u00c9CHARGER LE BON DE COMMANDE<\/a><\/strong><\/p>\n<\/div>\n<\/div><\/div><\/div><div id=\"pgc-19-2-2\"  class=\"panel-grid-cell\" ><div id=\"panel-19-2-2-0\" class=\"so-panel widget widget_sow-editor panel-first-child\" data-index=\"7\" ><div\n\t\t\t\n\t\t\tclass=\"so-widget-sow-editor so-widget-sow-editor-base\"\n\t\t\t\n\t\t>\n<div class=\"siteorigin-widget-tinymce textwidget\">\n\t<p><strong><em><span style=\"color: #c67f22;\"><img loading=\"lazy\" loading=\"lazy\" decoding=\"async\" class=\"size-full wp-image-1380 alignleft\" src=\"http:\/\/chantalgrimm.com\/wp-content\/uploads\/2018\/05\/BalladeDesBellesRebelles_CD.jpg\" alt=\"\" width=\"120\" height=\"119\" \/><\/span><\/em><\/strong><\/p>\n<p>&nbsp;<\/p>\n<p><strong><em><span style=\"color: #c67f22;\">Ballades des belles rebelles<\/span><\/em>, Chantal Grimm<\/strong>\u00a0(compil CD)<strong>\u00a0<\/strong><\/p>\n<p><strong>PRIX :<\/strong> <span style=\"color: #c67f22;\"><strong>10\u20ac<\/strong><\/span>\u00a0<strong> emballage + frais de port <span style=\"color: #c67f22;\">5\u20ac<\/span><\/strong><\/p>\n<\/div>\n<\/div><\/div><div id=\"panel-19-2-2-1\" class=\"so-panel widget widget_sow-editor panel-last-child\" data-index=\"8\" ><div\n\t\t\t\n\t\t\tclass=\"so-widget-sow-editor so-widget-sow-editor-base\"\n\t\t\t\n\t\t>\n<div class=\"siteorigin-widget-tinymce textwidget\">\n\t<p><strong><span style=\"color: #c67f22;\"><em><img loading=\"lazy\" loading=\"lazy\" decoding=\"async\" class=\" wp-image-1383 alignleft\" src=\"http:\/\/chantalgrimm.com\/wp-content\/uploads\/2018\/05\/cover_GDodo.jpg\" alt=\"\" width=\"120\" height=\"108\" \/><\/em><\/span><\/strong><\/p>\n<p>&nbsp;<\/p>\n<p><strong><span style=\"color: #c67f22;\"><em>Le Grand Dodo<\/em><\/span>, Chantal Grimm<\/strong>\u00a0(CD)<strong>\u00a0<\/strong><\/p>\n<p><strong>PRIX :<\/strong> <span style=\"color: #c67f22;\"><strong>10\u20ac<\/strong><\/span>\u00a0<strong> emballage + frais de port <span style=\"color: #c67f22;\">5\u20ac<\/span><\/strong><\/p>\n<p>&nbsp;<\/p>\n<p>&nbsp;<\/p>\n<\/div>\n<\/div><\/div><\/div><\/div><div id=\"pg-19-3\"  class=\"panel-grid panel-no-style\" ><div id=\"pgc-19-3-0\"  class=\"panel-grid-cell\" ><div id=\"panel-19-3-0-0\" class=\"so-panel widget widget_sow-editor panel-first-child panel-last-child\" data-index=\"9\" ><div\n\t\t\t\n\t\t\tclass=\"so-widget-sow-editor so-widget-sow-editor-base\"\n\t\t\t\n\t\t>\n<div class=\"siteorigin-widget-tinymce textwidget\">\n\t<h3><\/h3>\n<hr \/>\n<h4 style=\"text-align: center;\"><span style=\"color: #cc9125;\">CONTACTER CHANTAL GRIMM POUR PLUS D'INFORMATIONS<\/span><\/h4>\n<h4 style=\"text-align: center;\"><span style=\"color: #000000;\"><strong><a style=\"color: #000000;\" href=\"mailto:chantal.grimm@free.fr\" target=\"_blank\" rel=\"noopener\">chantal.grimm@free.fr<\/a><\/strong><\/span><\/h4>\n<\/div>\n<\/div><\/div><\/div><\/div><\/div>","protected":false},"excerpt":{"rendered":"<p>COMMANDER LES ALBUMS CD \/ LIVRE CD Paiement uniquement par ch\u00e8que (envoi en courrier suivi d\u00e8s r\u00e9ception du ch\u00e8que) \u00e0 l&rsquo;ordre de : PIVOINE, 55 rue Raymond Losserand, 75014 PARIS<\/p>\n","protected":false},"author":1,"featured_media":0,"parent":0,"menu_order":0,"comment_status":"closed","ping_status":"closed","template":"","meta":{"footnotes":""},"class_list":["post-19","page","type-page","status-publish","hentry","post"],"yoast_head":"<!-- This site is optimized with the Yoast SEO plugin v27.3 - https:\/\/yoast.com\/product\/yoast-seo-wordpress\/ -->\n<title>Contact - Chantal Grimm<\/title>\n<meta name=\"robots\" content=\"index, follow, max-snippet:-1, max-image-preview:large, max-video-preview:-1\" \/>\n<link rel=\"canonical\" href=\"https:\/\/chantalgrimm.com\/?page_id=19\" \/>\n<meta property=\"og:locale\" content=\"fr_FR\" \/>\n<meta property=\"og:type\" content=\"article\" \/>\n<meta property=\"og:title\" content=\"Contact - Chantal Grimm\" \/>\n<meta property=\"og:description\" content=\"COMMANDER LES ALBUMS CD \/ LIVRE CD Paiement uniquement par ch\u00e8que (envoi en courrier suivi d\u00e8s r\u00e9ception du ch\u00e8que) \u00e0 l&#039;ordre de : PIVOINE, 55 rue Raymond Losserand, 75014 PARIS\" \/>\n<meta property=\"og:url\" content=\"https:\/\/chantalgrimm.com\/?page_id=19\" \/>\n<meta property=\"og:site_name\" content=\"Chantal Grimm\" \/>\n<meta property=\"article:modified_time\" content=\"2026-02-27T14:13:07+00:00\" \/>\n<meta property=\"og:image\" content=\"http:\/\/chantalgrimm.com\/wp-content\/uploads\/2020\/03\/unnamed.jpg\" \/>\n<meta name=\"twitter:card\" content=\"summary_large_image\" \/>\n<meta name=\"twitter:label1\" content=\"Dur\u00e9e de lecture estim\u00e9e\" \/>\n\t<meta name=\"twitter:data1\" content=\"2 minutes\" \/>\n<script type=\"application\/ld+json\" class=\"yoast-schema-graph\">{\"@context\":\"https:\\\/\\\/schema.org\",\"@graph\":[{\"@type\":\"WebPage\",\"@id\":\"https:\\\/\\\/chantalgrimm.com\\\/?page_id=19\",\"url\":\"https:\\\/\\\/chantalgrimm.com\\\/?page_id=19\",\"name\":\"Contact - Chantal Grimm\",\"isPartOf\":{\"@id\":\"https:\\\/\\\/chantalgrimm.com\\\/#website\"},\"primaryImageOfPage\":{\"@id\":\"https:\\\/\\\/chantalgrimm.com\\\/?page_id=19#primaryimage\"},\"image\":{\"@id\":\"https:\\\/\\\/chantalgrimm.com\\\/?page_id=19#primaryimage\"},\"thumbnailUrl\":\"http:\\\/\\\/chantalgrimm.com\\\/wp-content\\\/uploads\\\/2020\\\/03\\\/unnamed.jpg\",\"datePublished\":\"2018-04-26T17:59:27+00:00\",\"dateModified\":\"2026-02-27T14:13:07+00:00\",\"breadcrumb\":{\"@id\":\"https:\\\/\\\/chantalgrimm.com\\\/?page_id=19#breadcrumb\"},\"inLanguage\":\"fr-FR\",\"potentialAction\":[{\"@type\":\"ReadAction\",\"target\":[\"https:\\\/\\\/chantalgrimm.com\\\/?page_id=19\"]}]},{\"@type\":\"ImageObject\",\"inLanguage\":\"fr-FR\",\"@id\":\"https:\\\/\\\/chantalgrimm.com\\\/?page_id=19#primaryimage\",\"url\":\"https:\\\/\\\/chantalgrimm.com\\\/wp-content\\\/uploads\\\/2020\\\/03\\\/unnamed.jpg\",\"contentUrl\":\"https:\\\/\\\/chantalgrimm.com\\\/wp-content\\\/uploads\\\/2020\\\/03\\\/unnamed.jpg\",\"width\":1418,\"height\":1488},{\"@type\":\"BreadcrumbList\",\"@id\":\"https:\\\/\\\/chantalgrimm.com\\\/?page_id=19#breadcrumb\",\"itemListElement\":[{\"@type\":\"ListItem\",\"position\":1,\"name\":\"Home\",\"item\":\"https:\\\/\\\/chantalgrimm.com\\\/\"},{\"@type\":\"ListItem\",\"position\":2,\"name\":\"Contact\"}]},{\"@type\":\"WebSite\",\"@id\":\"https:\\\/\\\/chantalgrimm.com\\\/#website\",\"url\":\"https:\\\/\\\/chantalgrimm.com\\\/\",\"name\":\"Chantal Grimm\",\"description\":\"Auteure - Compositrice - Conteuse\",\"publisher\":{\"@id\":\"https:\\\/\\\/chantalgrimm.com\\\/#organization\"},\"potentialAction\":[{\"@type\":\"SearchAction\",\"target\":{\"@type\":\"EntryPoint\",\"urlTemplate\":\"https:\\\/\\\/chantalgrimm.com\\\/?s={search_term_string}\"},\"query-input\":{\"@type\":\"PropertyValueSpecification\",\"valueRequired\":true,\"valueName\":\"search_term_string\"}}],\"inLanguage\":\"fr-FR\"},{\"@type\":\"Organization\",\"@id\":\"https:\\\/\\\/chantalgrimm.com\\\/#organization\",\"name\":\"Chantal Grimm\",\"url\":\"https:\\\/\\\/chantalgrimm.com\\\/\",\"logo\":{\"@type\":\"ImageObject\",\"inLanguage\":\"fr-FR\",\"@id\":\"https:\\\/\\\/chantalgrimm.com\\\/#\\\/schema\\\/logo\\\/image\\\/\",\"url\":\"https:\\\/\\\/chantalgrimm.com\\\/wp-content\\\/uploads\\\/2026\\\/02\\\/cropped-Logo_ChantalGrimm-1.png\",\"contentUrl\":\"https:\\\/\\\/chantalgrimm.com\\\/wp-content\\\/uploads\\\/2026\\\/02\\\/cropped-Logo_ChantalGrimm-1.png\",\"width\":339,\"height\":90,\"caption\":\"Chantal Grimm\"},\"image\":{\"@id\":\"https:\\\/\\\/chantalgrimm.com\\\/#\\\/schema\\\/logo\\\/image\\\/\"}}]}<\/script>\n<!-- \/ Yoast SEO plugin. -->","yoast_head_json":{"title":"Contact - Chantal Grimm","robots":{"index":"index","follow":"follow","max-snippet":"max-snippet:-1","max-image-preview":"max-image-preview:large","max-video-preview":"max-video-preview:-1"},"canonical":"https:\/\/chantalgrimm.com\/?page_id=19","og_locale":"fr_FR","og_type":"article","og_title":"Contact - Chantal Grimm","og_description":"COMMANDER LES ALBUMS CD \/ LIVRE CD Paiement uniquement par ch\u00e8que (envoi en courrier suivi d\u00e8s r\u00e9ception du ch\u00e8que) \u00e0 l'ordre de : PIVOINE, 55 rue Raymond Losserand, 75014 PARIS","og_url":"https:\/\/chantalgrimm.com\/?page_id=19","og_site_name":"Chantal Grimm","article_modified_time":"2026-02-27T14:13:07+00:00","og_image":[{"url":"http:\/\/chantalgrimm.com\/wp-content\/uploads\/2020\/03\/unnamed.jpg","type":"","width":"","height":""}],"twitter_card":"summary_large_image","twitter_misc":{"Dur\u00e9e de lecture estim\u00e9e":"2 minutes"},"schema":{"@context":"https:\/\/schema.org","@graph":[{"@type":"WebPage","@id":"https:\/\/chantalgrimm.com\/?page_id=19","url":"https:\/\/chantalgrimm.com\/?page_id=19","name":"Contact - Chantal Grimm","isPartOf":{"@id":"https:\/\/chantalgrimm.com\/#website"},"primaryImageOfPage":{"@id":"https:\/\/chantalgrimm.com\/?page_id=19#primaryimage"},"image":{"@id":"https:\/\/chantalgrimm.com\/?page_id=19#primaryimage"},"thumbnailUrl":"http:\/\/chantalgrimm.com\/wp-content\/uploads\/2020\/03\/unnamed.jpg","datePublished":"2018-04-26T17:59:27+00:00","dateModified":"2026-02-27T14:13:07+00:00","breadcrumb":{"@id":"https:\/\/chantalgrimm.com\/?page_id=19#breadcrumb"},"inLanguage":"fr-FR","potentialAction":[{"@type":"ReadAction","target":["https:\/\/chantalgrimm.com\/?page_id=19"]}]},{"@type":"ImageObject","inLanguage":"fr-FR","@id":"https:\/\/chantalgrimm.com\/?page_id=19#primaryimage","url":"https:\/\/chantalgrimm.com\/wp-content\/uploads\/2020\/03\/unnamed.jpg","contentUrl":"https:\/\/chantalgrimm.com\/wp-content\/uploads\/2020\/03\/unnamed.jpg","width":1418,"height":1488},{"@type":"BreadcrumbList","@id":"https:\/\/chantalgrimm.com\/?page_id=19#breadcrumb","itemListElement":[{"@type":"ListItem","position":1,"name":"Home","item":"https:\/\/chantalgrimm.com\/"},{"@type":"ListItem","position":2,"name":"Contact"}]},{"@type":"WebSite","@id":"https:\/\/chantalgrimm.com\/#website","url":"https:\/\/chantalgrimm.com\/","name":"Chantal Grimm","description":"Auteure - Compositrice - Conteuse","publisher":{"@id":"https:\/\/chantalgrimm.com\/#organization"},"potentialAction":[{"@type":"SearchAction","target":{"@type":"EntryPoint","urlTemplate":"https:\/\/chantalgrimm.com\/?s={search_term_string}"},"query-input":{"@type":"PropertyValueSpecification","valueRequired":true,"valueName":"search_term_string"}}],"inLanguage":"fr-FR"},{"@type":"Organization","@id":"https:\/\/chantalgrimm.com\/#organization","name":"Chantal Grimm","url":"https:\/\/chantalgrimm.com\/","logo":{"@type":"ImageObject","inLanguage":"fr-FR","@id":"https:\/\/chantalgrimm.com\/#\/schema\/logo\/image\/","url":"https:\/\/chantalgrimm.com\/wp-content\/uploads\/2026\/02\/cropped-Logo_ChantalGrimm-1.png","contentUrl":"https:\/\/chantalgrimm.com\/wp-content\/uploads\/2026\/02\/cropped-Logo_ChantalGrimm-1.png","width":339,"height":90,"caption":"Chantal Grimm"},"image":{"@id":"https:\/\/chantalgrimm.com\/#\/schema\/logo\/image\/"}}]}},"_links":{"self":[{"href":"https:\/\/chantalgrimm.com\/index.php?rest_route=\/wp\/v2\/pages\/19","targetHints":{"allow":["GET"]}}],"collection":[{"href":"https:\/\/chantalgrimm.com\/index.php?rest_route=\/wp\/v2\/pages"}],"about":[{"href":"https:\/\/chantalgrimm.com\/index.php?rest_route=\/wp\/v2\/types\/page"}],"author":[{"embeddable":true,"href":"https:\/\/chantalgrimm.com\/index.php?rest_route=\/wp\/v2\/users\/1"}],"replies":[{"embeddable":true,"href":"https:\/\/chantalgrimm.com\/index.php?rest_route=%2Fwp%2Fv2%2Fcomments&post=19"}],"version-history":[{"count":182,"href":"https:\/\/chantalgrimm.com\/index.php?rest_route=\/wp\/v2\/pages\/19\/revisions"}],"predecessor-version":[{"id":4403,"href":"https:\/\/chantalgrimm.com\/index.php?rest_route=\/wp\/v2\/pages\/19\/revisions\/4403"}],"wp:attachment":[{"href":"https:\/\/chantalgrimm.com\/index.php?rest_route=%2Fwp%2Fv2%2Fmedia&parent=19"}],"curies":[{"name":"wp","href":"https:\/\/api.w.org\/{rel}","templated":true}]}}